/1780)?
3
Let b(c) = 23*c**2 + 78*c + 633. What is the thousands digit of b(-17)?
5
Let k(g) = g**3 + 3*g**2 - 2*g + 440. What is the tens digit of k(0)?
4
Let h(g) = -7*g**2 + 17 + 21*g**3 - 4*g - g**2 - 22*g**3. Let r be h(-7). What is the tens digit of r - (-9)/((-36)/(-208))?
4
What is the units digit of (-15)/(-1)*130476/747?
0
Let m(l) = 17*l**2 + 15*l - 4. Let s be m(-7). Suppose -s = -n + 3*j, -4*j = -2*n - 594 + 2034. What is the hundreds digit of n?
7
Suppose 19*b - 77658 = 68129. What is the thousands digit of b?
7
Let k be (-2 - -4) + (4 - 3). Suppose 5*w - k*a = 2449, 4*a + 990 + 966 = 4*w. What is the tens digit of w?
9
Let o(n) = -9*n - 54. Let a be o(-8). What is the hundreds digit of (-4)/a - 581500/(-450)?
2
Let n(b) = -323*b + 922. Let w be n(3). Let v = -265 - -155. Let m = w - v. What is the units digit of m?
3
Let s = -32287 + 54979. What is the tens digit of s?
9
Let v be (2/(-3))/((-14)/315). Suppose 4*i - 5*b = v, -2*b - 7 = -i - 4. Suppose i*s = 141 + 479. What is the units digit of s?
4
Let g be (-3716)/9 - 74/666. What is the units digit of 55/110 + g/(-2)?
7
Suppose 5*y - 5*g - 35056 - 79119 = 0, 2*g - 45670 = -2*y. What is the thousands digit of y?
2
Suppose -12*k = -41397 - 15699. What is the tens digit of k?
5
Let k be 36*((-1)/(-4) - (-969)/(-36)). Let r = k + 1935. What is the units digit of r?
5
Let h(p) = p**3 - 15*p**2 + 14*p - 230. What is the units digit of h(18)?
4
Let k(j) = -j**2 + 1 - 3*j - 11*j + 17. Suppose x - 2*x = 9. What is the tens digit of k(x)?
6
Suppose 3*p - 29 = 1. Suppose 0 = w - 5*j + 10, 7*w - 2*w - p = -5*j. Let b(s) = -3*s + 4. What is the units digit of b(w)?
4
What is the hundreds digit of ((-328758)/(-1256))/((-6)/(-176))?
6
Let x = 59291 - 41901. What is the ten thousands digit of x?
1
Suppose -2*p = -5*a + 10852, 0 = -9*a + 12*a + p - 6520. What is the hundreds digit of a?
1
Suppose -2*y = 8, 5*h + 9*y - 1755 = 14*y. Let i = 300 + -88. Let c = h - i. What is the units digit of c?
5
Let s = 1611 - -147. What is the hundreds digit of s?
7
Let p = -604 + 1022. Let y = p + -68. Let j = 572 - y. What is the hundreds digit of j?
2
Let s be (15/6)/(1/2). Let t be 471 + (-68)/(-1462) + 864/(-86). Suppose t = 8*j - 5*j + 2*g, -617 = -4*j - s*g. What is the tens digit of j?
5
Suppose -4*w - 703 = -2227. Suppose -k - 309 = -3*u, -5*u + w = -5*k - 134. What is the tens digit of (-12)/3*u/(-4)?
0
Let c(t) be the second derivative of t**6/120 - t**5/20 + 2*t**3/3 - 15*t**2/2 - 20*t. Let b(o) be the first derivative of c(o). What is the tens digit of b(4)?
2
Let z(t) = -t**2 + 17*t + 45. Suppose -2*a + 6 = 3*j - 4, -5*a + 18 = 4*j. Suppose 2*p - a*k - 23 = 3, -3*p - k = -39. What is the units digit of z(p)?
7
Let d be 10/(-40) + 14907/12 + 2. Let n = d - 782. What is the hundreds digit of n?
4
Let y(f) = 520*f**3 - f. Let n = 439 + -438. What is the units digit of y(n)?
9
Suppose -33751 = -4*k - 5*d, 4*k - 2*d = -6*d + 33752. What is the hundreds digit of k?
4
Let j be (-26)/(-39) + (-668)/(-6)*-2. Let o = j - -645. What is the hundreds digit of o?
4
Suppose -2*t = 3*z - 31369, -14*z - 41816 = -18*z + 2*t. What is the ten thousands digit of z?
1
Suppose -9208 = -6*f + 2738. Suppose -f = -3*b + 8*r - 10*r, 0 = b + r - 665. What is the hundreds digit of b?
6
Suppose 10*d - 202 = 8. What is the units digit of (-14)/d - (-95)/3?
1
Let c be 5 + (0 - (0 - (3637 - -2))). Suppose c + 717 = 7*y. What is the hundreds digit of y?
6
Let w be 532/(-19)*(-30)/(-8). Let u = w - -170. What is the tens digit of u?
6
Suppose 0 = 2*t + 17*l - 21*l - 58596, 0 = 2*t + l - 58566. What is the hundreds digit of t?
2
Suppose -4*m + 6037 = 3*g, -5*g - 3*m = -g - 8040. Let q = g - 1341. What is the units digit of q?
6
Let a = 3319 + 1205. What is the thousands digit of a?
4
Suppose 65 = v + 203. Let p = v - -698. What is the tens digit of p?
6
Suppose -4*v + 4*d + 88 = 0, 7*v - 4*v - 4*d - 65 = 0. Suppose v*m - 7*m = 6000. What is the tens digit of m?
7
Let a = 18 - 15. Suppose -210 = 5*s + 5*u, -6*s - 2*u = -a*s + 124. What is the tens digit of (-10 - -8)*1*s?
8
What is the hundreds digit of (-272)/(-1904) - (1 + 1 + 371768/(-14))?
5
Let l be (-4)/5 + 196/70. Suppose l*a - 4*x = 2850, -36*a = -38*a - 5*x + 2823. What is the thousands digit of a?
1
Let j(a) = a**3 + 10*a**2 - 17*a + 1. Let i(n) = 2*n**3 + 21*n**2 - 35*n + 3. Let o(z) = -6*i(z) + 13*j(z). What is the hundreds digit of o(7)?
4
Suppose 91 - 17 = s - 3*b, 5*s + 3*b - 352 = 0. Let f be (18/15)/(42/154)*90. Suppose 5*n - f = -s. What is the tens digit of n?
6
Suppose 62*j - 70893 - 163716 = 215635. What is the thousands digit of j?
7
Suppose -4*s = -9*s + 170. Suppose -3*b + s = -8. Suppose 3*l - 5*l = -b. What is the units digit of l?
7
Let a = 8783 - -6023. What is the thousands digit of a?
4
Suppose 22*o - 46152 = 92668. What is the thousands digit of o?
6
Let h(c) = -40*c - 102. Let f be h(-3). Let m(a) = -a**3 + 22*a**2 - 2*a - 16. What is the thousands digit of m(f)?
1
Let r(m) be the first derivative of -3*m**5/20 - m**3/2 - m**2 - 16*m + 11. Let a(p) be the first derivative of r(p). What is the units digit of a(-1)?
4
Let b(h) = h**3 - 2*h**2 + 6*h - 1. Let r be b(3). Suppose t - 22977 = -r*t. What is the hundreds digit of t?
8
Let s(p) = 202*p**2 - 37*p - 23. What is the tens digit of s(-5)?
1
Suppose -34 = -9*n + 47. Let l be -1 - (3 - (n + -2)). Suppose -4*q - o = -367, -2*q - 3*o + 194 - l = 0. What is the tens digit of q?
9
Suppose -5*r + 59 = 4*w, -3*w + 48 = 7*r - 2*r. Let h = 180 + w. Suppose h - 51 = 2*l. What is the tens digit of l?
7
Suppose 3*c - 272 = -5*h, -264 = -3*c - 2*h - h. Let f = -88 + c. What is the units digit of 4 + (1/f - (-13)/4)?
7
Suppose 5*u + 27667 = 127217. What is the ten thousands digit of u?
1
Suppose 2*y = 4*n - 12, -10*y = -5*n - 5*y + 10. Suppose -n*c + 378 = -278. What is the tens digit of c?
6
Let k = 5792 - 1191. What is the hundreds digit of k?
6
Suppose 0 = -5*c - x + 1853, 3*c + 3*x - 41 = 1078. Let k = c + -211. What is the tens digit of k?
5
Suppose -10*i = -18*i + 40. Suppose -5*k - 3*j = -399 - 283, 3*k + i*j = 406. What is the hundreds digit of k?
1
Suppose 5*w - 4*p = 25 + 8, -4*w = -p - 22. Suppose -2*t - 4*g = -10, -w*t - 4*g - g = -30. Suppose 9*x = t*x + 76. What is the units digit of x?
8
What is the tens digit of (35560/(-224))/(4/(-224))?
9
Let r = 64 + 68. Suppose -8*m + r = -5*m. What is the units digit of m?
4
Let j(c) = -7346*c**3 - 32*c - 33. What is the units digit of j(-1)?
5
Let p = 0 - -8. Let c = p - 4. Suppose 0 = -3*f - i + 255, 0 = -4*f - c*i + 2*i + 338. What is the units digit of f?
6
Suppose 134 = -6*q + 7*q + 3*s, -q + 5*s + 126 = 0. What is the tens digit of ((-2835)/(-126))/(-1 - q/(-128))?
6
Let a = -313 + 312. What is the tens digit of -5 - (2 + a)*-258?
5
Let f = 148833 - 106301. What is the units digit of f?
2
Let k = 1707 + 378. Suppose 2584*o - k = 2579*o. What is the units digit of o?
7
Let z = -796 + 844. Let o(h) = -h**3 + 47*h**2 + 69*h - 4. What is the tens digit of o(z)?
0
Let q = -8350 + 34361. What is the tens digit of q?
1
Let c = 121614 - 79908. What is the ten thousands digit of c?
4
Let l be (0 - 1) + 112 + -10 + 6. Let q = l - 93. What is the units digit of 4/q - (-5 + 2/7)?
5
Let g = -41228 + 75532. What is the ten thousands digit of g?
3
Let r(p) = 39*p**2 + p. Suppose 2*n + 5*u + 19 = 4*n, 0 = 3*u + 15. What is the tens digit of r(n)?
4
Let y(t) = t**3 - 10*t**2 - 14*t + 25. Let p be y(9). What is the tens digit of (-42237)/p - 2/28?
3
Suppose 0 = -4*b - 6*c + c, 0 = b + 5*c. Suppose -8*y = -b*y - 656. Suppose t + 3*i = y, 4*i - 67 = -t + 17. What is the units digit of t?
6
Let x = -45036 + 109335. What is the units digit of x?
9
Let w = -823 - -3098. What is the units digit of w?
5
Let c be (90/4)/(-9)*-26. Let r = -29 + c. Suppose 34*g = r*g - 44. What is the units digit of g?
2
Let g(z) = z**2 - z. Let l be g(2). Suppose -l*v + 658 = -5*h, 3*h - 6*h - 650 = -2*v. What is the units digit of v?
9
Let g(y) = 8*y**2 + 166*y - 482. What is the thousands digit of g(36)?
5
Suppose -2*n + 965375 - 3439370 = -117*n. What is the units digit of n?
3
Suppose 22666*k - 22671*k = -276565. What is the hundreds digit of k?
3
Let p(w) = 3337*w - 5859. What is the un